{"id":1241,"date":"2017-01-31T23:56:04","date_gmt":"2017-01-31T22:56:04","guid":{"rendered":"https:\/\/cpp.web.amu.edu.pl\/wp-content\/uploads\/2017\/01\/index.jpg"},"modified":"2017-01-31T23:56:04","modified_gmt":"2017-01-31T22:56:04","slug":"index-2","status":"inherit","type":"attachment","link":"https:\/\/cpp.amu.edu.pl\/pl\/dr-emanuel-kulczycki-in-journal-of-informetrics\/index-2\/","title":{"rendered":"index"},"author":2,"comment_status":"open","ping_status":"closed","template":"","meta":{"_mi_skip_tracking":false,"_links_to":"","_links_to_target":""},"yoast_head":"<!-- This site is optimized with the Yoast SEO plugin v20.6 - https:\/\/yoast.com\/wordpress\/plugins\/seo\/ -->\n<title>index<\/title>\n<meta name=\"description\" content=\"Marek Kwiek, Centrum Studi\u00f3w nad Polityk\u0105 Publiczn\u0105 oraz Katedra UNESCO Bada\u0144 Instytucjonalnych i Polityki Szkolnictwa Wy\u017cszego\" \/>\n<meta name=\"robots\" content=\"index, follow, max-snippet:-1, max-image-preview:large, max-video-preview:-1\" \/>\n<link rel=\"canonical\" href=\"https:\/\/cpp.amu.edu.pl\/wp-content\/uploads\/2017\/01\/index.jpg\" \/>\n<meta property=\"og:locale\" content=\"pl_PL\" \/>\n<meta property=\"og:type\" content=\"article\" \/>\n<meta property=\"og:title\" content=\"index\" \/>\n<meta property=\"og:description\" content=\"Marek Kwiek, Centrum Studi\u00f3w nad Polityk\u0105 Publiczn\u0105 oraz Katedra UNESCO Bada\u0144 Instytucjonalnych i Polityki Szkolnictwa Wy\u017cszego\" \/>\n<meta property=\"og:url\" content=\"https:\/\/cpp.amu.edu.pl\/wp-content\/uploads\/2017\/01\/index.jpg\" \/>\n<meta property=\"og:site_name\" content=\"Center for Public Policy Studies\" \/>\n<meta property=\"og:image\" content=\"https:\/\/cpp.amu.edu.pl\/wp-content\/uploads\/2017\/01\/index.jpg\" \/>\n\t<meta property=\"og:image:width\" content=\"293\" \/>\n\t<meta property=\"og:image:height\" content=\"172\" \/>\n\t<meta property=\"og:image:type\" content=\"image\/jpeg\" \/>\n<meta name=\"twitter:card\" content=\"summary_large_image\" \/>\n<script type=\"application\/ld+json\" class=\"yoast-schema-graph\">{\"@context\":\"https:\/\/schema.org\",\"@graph\":[{\"@type\":\"WebPage\",\"@id\":\"https:\/\/cpp.amu.edu.pl\/wp-content\/uploads\/2017\/01\/index.jpg\",\"url\":\"https:\/\/cpp.amu.edu.pl\/wp-content\/uploads\/2017\/01\/index.jpg\",\"name\":\"index\",\"isPartOf\":{\"@id\":\"https:\/\/cpp.amu.edu.pl\/#website\"},\"datePublished\":\"2017-01-31T22:56:04+00:00\",\"dateModified\":\"2017-01-31T22:56:04+00:00\",\"description\":\"Marek Kwiek, Centrum Studi\u00f3w nad Polityk\u0105 Publiczn\u0105 oraz Katedra UNESCO Bada\u0144 Instytucjonalnych i Polityki Szkolnictwa Wy\u017cszego\",\"breadcrumb\":{\"@id\":\"https:\/\/cpp.amu.edu.pl\/wp-content\/uploads\/2017\/01\/index.jpg#breadcrumb\"},\"inLanguage\":\"pl-PL\",\"potentialAction\":[{\"@type\":\"ReadAction\",\"target\":[\"https:\/\/cpp.amu.edu.pl\/wp-content\/uploads\/2017\/01\/index.jpg\"]}]},{\"@type\":\"BreadcrumbList\",\"@id\":\"https:\/\/cpp.amu.edu.pl\/wp-content\/uploads\/2017\/01\/index.jpg#breadcrumb\",\"itemListElement\":[{\"@type\":\"ListItem\",\"position\":1,\"name\":\"Strona g\u0142\u00f3wna\",\"item\":\"https:\/\/cpp.amu.edu.pl\/\"},{\"@type\":\"ListItem\",\"position\":2,\"name\":\"Dr. Emanuel Kulczycki in &#8220;Journal of Informetrics&#8221;: on excellence-based research funding\",\"item\":\"https:\/\/cpp.amu.edu.pl\/dr-emanuel-kulczycki-in-journal-of-informetrics\/\"},{\"@type\":\"ListItem\",\"position\":3,\"name\":\"index\"}]},{\"@type\":\"WebSite\",\"@id\":\"https:\/\/cpp.amu.edu.pl\/#website\",\"url\":\"https:\/\/cpp.amu.edu.pl\/\",\"name\":\"Center for Public Policy Studies\",\"description\":\"Adam Mickiewicz University, Pozna\u0144, Poland\",\"publisher\":{\"@id\":\"https:\/\/cpp.amu.edu.pl\/#organization\"},\"potentialAction\":[{\"@type\":\"SearchAction\",\"target\":{\"@type\":\"EntryPoint\",\"urlTemplate\":\"https:\/\/cpp.amu.edu.pl\/?s={search_term_string}\"},\"query-input\":\"required name=search_term_string\"}],\"inLanguage\":\"pl-PL\"},{\"@type\":\"Organization\",\"@id\":\"https:\/\/cpp.amu.edu.pl\/#organization\",\"name\":\"Center for Public Policy Studies\",\"url\":\"https:\/\/cpp.amu.edu.pl\/\",\"logo\":{\"@type\":\"ImageObject\",\"inLanguage\":\"pl-PL\",\"@id\":\"https:\/\/cpp.amu.edu.pl\/#\/schema\/logo\/image\/\",\"url\":\"https:\/\/cpp.web.amu.edu.pl\/wp-content\/uploads\/2016\/10\/CPPS.png\",\"contentUrl\":\"https:\/\/cpp.web.amu.edu.pl\/wp-content\/uploads\/2016\/10\/CPPS.png\",\"width\":362,\"height\":96,\"caption\":\"Center for Public Policy Studies\"},\"image\":{\"@id\":\"https:\/\/cpp.amu.edu.pl\/#\/schema\/logo\/image\/\"}}]}<\/script>\n<!-- \/ Yoast SEO plugin. -->","yoast_head_json":{"title":"index","description":"Marek Kwiek, Centrum Studi\u00f3w nad Polityk\u0105 Publiczn\u0105 oraz Katedra UNESCO Bada\u0144 Instytucjonalnych i Polityki Szkolnictwa Wy\u017cszego","robots":{"index":"index","follow":"follow","max-snippet":"max-snippet:-1","max-image-preview":"max-image-preview:large","max-video-preview":"max-video-preview:-1"},"canonical":"https:\/\/cpp.amu.edu.pl\/wp-content\/uploads\/2017\/01\/index.jpg","og_locale":"pl_PL","og_type":"article","og_title":"index","og_description":"Marek Kwiek, Centrum Studi\u00f3w nad Polityk\u0105 Publiczn\u0105 oraz Katedra UNESCO Bada\u0144 Instytucjonalnych i Polityki Szkolnictwa Wy\u017cszego","og_url":"https:\/\/cpp.amu.edu.pl\/wp-content\/uploads\/2017\/01\/index.jpg","og_site_name":"Center for Public Policy Studies","og_image":[{"width":293,"height":172,"url":"https:\/\/cpp.amu.edu.pl\/wp-content\/uploads\/2017\/01\/index.jpg","type":"image\/jpeg"}],"twitter_card":"summary_large_image","schema":{"@context":"https:\/\/schema.org","@graph":[{"@type":"WebPage","@id":"https:\/\/cpp.amu.edu.pl\/wp-content\/uploads\/2017\/01\/index.jpg","url":"https:\/\/cpp.amu.edu.pl\/wp-content\/uploads\/2017\/01\/index.jpg","name":"index","isPartOf":{"@id":"https:\/\/cpp.amu.edu.pl\/#website"},"datePublished":"2017-01-31T22:56:04+00:00","dateModified":"2017-01-31T22:56:04+00:00","description":"Marek Kwiek, Centrum Studi\u00f3w nad Polityk\u0105 Publiczn\u0105 oraz Katedra UNESCO Bada\u0144 Instytucjonalnych i Polityki Szkolnictwa Wy\u017cszego","breadcrumb":{"@id":"https:\/\/cpp.amu.edu.pl\/wp-content\/uploads\/2017\/01\/index.jpg#breadcrumb"},"inLanguage":"pl-PL","potentialAction":[{"@type":"ReadAction","target":["https:\/\/cpp.amu.edu.pl\/wp-content\/uploads\/2017\/01\/index.jpg"]}]},{"@type":"BreadcrumbList","@id":"https:\/\/cpp.amu.edu.pl\/wp-content\/uploads\/2017\/01\/index.jpg#breadcrumb","itemListElement":[{"@type":"ListItem","position":1,"name":"Strona g\u0142\u00f3wna","item":"https:\/\/cpp.amu.edu.pl\/"},{"@type":"ListItem","position":2,"name":"Dr. Emanuel Kulczycki in &#8220;Journal of Informetrics&#8221;: on excellence-based research funding","item":"https:\/\/cpp.amu.edu.pl\/dr-emanuel-kulczycki-in-journal-of-informetrics\/"},{"@type":"ListItem","position":3,"name":"index"}]},{"@type":"WebSite","@id":"https:\/\/cpp.amu.edu.pl\/#website","url":"https:\/\/cpp.amu.edu.pl\/","name":"Center for Public Policy Studies","description":"Adam Mickiewicz University, Pozna\u0144, Poland","publisher":{"@id":"https:\/\/cpp.amu.edu.pl\/#organization"},"potentialAction":[{"@type":"SearchAction","target":{"@type":"EntryPoint","urlTemplate":"https:\/\/cpp.amu.edu.pl\/?s={search_term_string}"},"query-input":"required name=search_term_string"}],"inLanguage":"pl-PL"},{"@type":"Organization","@id":"https:\/\/cpp.amu.edu.pl\/#organization","name":"Center for Public Policy Studies","url":"https:\/\/cpp.amu.edu.pl\/","logo":{"@type":"ImageObject","inLanguage":"pl-PL","@id":"https:\/\/cpp.amu.edu.pl\/#\/schema\/logo\/image\/","url":"https:\/\/cpp.web.amu.edu.pl\/wp-content\/uploads\/2016\/10\/CPPS.png","contentUrl":"https:\/\/cpp.web.amu.edu.pl\/wp-content\/uploads\/2016\/10\/CPPS.png","width":362,"height":96,"caption":"Center for Public Policy Studies"},"image":{"@id":"https:\/\/cpp.amu.edu.pl\/#\/schema\/logo\/image\/"}}]}},"description":{"rendered":"<p class=\"attachment\"><a href='https:\/\/cpp.amu.edu.pl\/wp-content\/uploads\/2017\/01\/index.jpg'><img width=\"293\" height=\"172\" src=\"https:\/\/cpp.amu.edu.pl\/wp-content\/uploads\/2017\/01\/index.jpg\" class=\"attachment-medium size-medium\" alt=\"\" decoding=\"async\" loading=\"lazy\" srcset=\"https:\/\/cpp.amu.edu.pl\/wp-content\/uploads\/2017\/01\/index.jpg 293w, https:\/\/cpp.amu.edu.pl\/wp-content\/uploads\/2017\/01\/index-250x147.jpg 250w\" sizes=\"(max-width: 293px) 100vw, 293px\" \/><\/a><\/p>\n"},"caption":{"rendered":""},"alt_text":"","media_type":"image","mime_type":"image\/jpeg","media_details":{"width":293,"height":172,"file":"2017\/01\/index.jpg","sizes":{"thumbnail":{"file":"index-150x150.jpg","width":150,"height":150,"mime_type":"image\/jpeg","source_url":"https:\/\/cpp.amu.edu.pl\/wp-content\/uploads\/2017\/01\/index-150x150.jpg"},"wcicon":{"file":"index-48x48.jpg","width":48,"height":48,"mime_type":"image\/jpeg","source_url":"https:\/\/cpp.amu.edu.pl\/wp-content\/uploads\/2017\/01\/index-48x48.jpg"},"wcsmall":{"file":"index-250x147.jpg","width":250,"height":147,"mime_type":"image\/jpeg","source_url":"https:\/\/cpp.amu.edu.pl\/wp-content\/uploads\/2017\/01\/index-250x147.jpg"},"wccarouselsmall":{"file":"index-210x150.jpg","width":210,"height":150,"mime_type":"image\/jpeg","source_url":"https:\/\/cpp.amu.edu.pl\/wp-content\/uploads\/2017\/01\/index-210x150.jpg"},"full":{"file":"index.jpg","width":293,"height":172,"mime_type":"image\/jpeg","source_url":"https:\/\/cpp.amu.edu.pl\/wp-content\/uploads\/2017\/01\/index.jpg"}},"image_meta":{"aperture":"0","credit":"","camera":"","caption":"","created_timestamp":"0","copyright":"","focal_length":"0","iso":"0","shutter_speed":"0","title":"","orientation":"0","keywords":[]}},"post":1237,"source_url":"https:\/\/cpp.amu.edu.pl\/wp-content\/uploads\/2017\/01\/index.jpg","_links":{"self":[{"href":"https:\/\/cpp.amu.edu.pl\/pl\/wp-json\/wp\/v2\/media\/1241"}],"collection":[{"href":"https:\/\/cpp.amu.edu.pl\/pl\/wp-json\/wp\/v2\/media"}],"about":[{"href":"https:\/\/cpp.amu.edu.pl\/pl\/wp-json\/wp\/v2\/types\/attachment"}],"author":[{"embeddable":true,"href":"https:\/\/cpp.amu.edu.pl\/pl\/wp-json\/wp\/v2\/users\/2"}],"replies":[{"embeddable":true,"href":"https:\/\/cpp.amu.edu.pl\/pl\/wp-json\/wp\/v2\/comments?post=1241"}]}}

<!-- This site is optimized with the Yoast SEO plugin v20.6 - https://yoast.com/wordpress/plugins/seo/ -->
<title>index</title>
<meta name="description" content="Marek Kwiek, Centrum Studiów nad Polityką Publiczną oraz Katedra UNESCO Badań Instytucjonalnych i Polityki Szkolnictwa Wyższego" />
<meta name="robots" content="index, follow, max-snippet:-1, max-image-preview:large, max-video-preview:-1" />
<link rel="canonical" href="https://cpp.amu.edu.pl/wp-content/uploads/2017/01/index.jpg" />
<meta property="og:locale" content="pl_PL" />
<meta property="og:type" content="article" />
<meta property="og:title" content="index" />
<meta property="og:description" content="Marek Kwiek, Centrum Studiów nad Polityką Publiczną oraz Katedra UNESCO Badań Instytucjonalnych i Polityki Szkolnictwa Wyższego" />
<meta property="og:url" content="https://cpp.amu.edu.pl/wp-content/uploads/2017/01/index.jpg" />
<meta property="og:site_name" content="Center for Public Policy Studies" />
<meta property="og:image" content="https://cpp.amu.edu.pl/wp-content/uploads/2017/01/index.jpg" />
	<meta property="og:image:width" content="293" />
	<meta property="og:image:height" content="172" />
	<meta property="og:image:type" content="image/jpeg" />
<meta name="twitter:card" content="summary_large_image" />
<script type="application/ld+json" class="yoast-schema-graph">{"@context":"https://schema.org","@graph":[{"@type":"WebPage","@id":"https://cpp.amu.edu.pl/wp-content/uploads/2017/01/index.jpg","url":"https://cpp.amu.edu.pl/wp-content/uploads/2017/01/index.jpg","name":"index","isPartOf":{"@id":"https://cpp.amu.edu.pl/#website"},"datePublished":"2017-01-31T22:56:04+00:00","dateModified":"2017-01-31T22:56:04+00:00","description":"Marek Kwiek, Centrum Studiów nad Polityką Publiczną oraz Katedra UNESCO Badań Instytucjonalnych i Polityki Szkolnictwa Wyższego","breadcrumb":{"@id":"https://cpp.amu.edu.pl/wp-content/uploads/2017/01/index.jpg#breadcrumb"},"inLanguage":"pl-PL","potentialAction":[{"@type":"ReadAction","target":["https://cpp.amu.edu.pl/wp-content/uploads/2017/01/index.jpg"]}]},{"@type":"BreadcrumbList","@id":"https://cpp.amu.edu.pl/wp-content/uploads/2017/01/index.jpg#breadcrumb","itemListElement":[{"@type":"ListItem","position":1,"name":"Strona główna","item":"https://cpp.amu.edu.pl/"},{"@type":"ListItem","position":2,"name":"Dr. Emanuel Kulczycki in &#8220;Journal of Informetrics&#8221;: on excellence-based research funding","item":"https://cpp.amu.edu.pl/dr-emanuel-kulczycki-in-journal-of-informetrics/"},{"@type":"ListItem","position":3,"name":"index"}]},{"@type":"WebSite","@id":"https://cpp.amu.edu.pl/#website","url":"https://cpp.amu.edu.pl/","name":"Center for Public Policy Studies","description":"Adam Mickiewicz University, Poznań, Poland","publisher":{"@id":"https://cpp.amu.edu.pl/#organization"},"potentialAction":[{"@type":"SearchAction","target":{"@type":"EntryPoint","urlTemplate":"https://cpp.amu.edu.pl/?s={search_term_string}"},"query-input":"required name=search_term_string"}],"inLanguage":"pl-PL"},{"@type":"Organization","@id":"https://cpp.amu.edu.pl/#organization","name":"Center for Public Policy Studies","url":"https://cpp.amu.edu.pl/","logo":{"@type":"ImageObject","inLanguage":"pl-PL","@id":"https://cpp.amu.edu.pl/#/schema/logo/image/","url":"https://cpp.web.amu.edu.pl/wp-content/uploads/2016/10/CPPS.png","contentUrl":"https://cpp.web.amu.edu.pl/wp-content/uploads/2016/10/CPPS.png","width":362,"height":96,"caption":"Center for Public Policy Studies"},"image":{"@id":"https://cpp.amu.edu.pl/#/schema/logo/image/"}}]}</script>
<!-- / Yoast SEO plugin. -->

Marek Kwiek, Centrum Studiów nad Polityką Publiczną oraz Katedra UNESCO Badań Instytucjonalnych i Polityki Szkolnictwa Wyższego

Strona główna

Adam Mickiewicz University, Poznań, Poland
