{"id":3871,"date":"2023-11-18T11:25:27","date_gmt":"2023-11-18T10:25:27","guid":{"rendered":"https:\/\/cpp.amu.edu.pl\/wp-content\/uploads\/2023\/11\/Bez-nazwy.png"},"modified":"2023-11-18T11:25:27","modified_gmt":"2023-11-18T10:25:27","slug":"bez-nazwy","status":"inherit","type":"attachment","link":"https:\/\/cpp.amu.edu.pl\/pl\/marek-kwiek-had-an-invited-seminar-in-sciencepo-paris-global-academic-profession-studies-new-data-sources-methodologies-and-approaches-october-2023\/bez-nazwy\/","title":{"rendered":"Bez nazwy"},"author":2,"comment_status":"open","ping_status":"closed","template":"","meta":{"_mi_skip_tracking":false,"_links_to":"","_links_to_target":""},"yoast_head":"<!-- This site is optimized with the Yoast SEO plugin v20.6 - https:\/\/yoast.com\/wordpress\/plugins\/seo\/ -->\n<title>Bez nazwy<\/title>\n<meta name=\"description\" content=\"Marek Kwiek, Centrum Studi\u00f3w nad Polityk\u0105 Publiczn\u0105 oraz Katedra UNESCO Bada\u0144 Instytucjonalnych i Polityki Szkolnictwa Wy\u017cszego\" \/>\n<meta name=\"robots\" content=\"index, follow, max-snippet:-1, max-image-preview:large, max-video-preview:-1\" \/>\n<link rel=\"canonical\" href=\"https:\/\/cpp.amu.edu.pl\/wp-content\/uploads\/2023\/11\/Bez-nazwy.png\" \/>\n<meta property=\"og:locale\" content=\"pl_PL\" \/>\n<meta property=\"og:type\" content=\"article\" \/>\n<meta property=\"og:title\" content=\"Bez nazwy\" \/>\n<meta property=\"og:description\" content=\"Marek Kwiek, Centrum Studi\u00f3w nad Polityk\u0105 Publiczn\u0105 oraz Katedra UNESCO Bada\u0144 Instytucjonalnych i Polityki Szkolnictwa Wy\u017cszego\" \/>\n<meta property=\"og:url\" content=\"https:\/\/cpp.amu.edu.pl\/wp-content\/uploads\/2023\/11\/Bez-nazwy.png\" \/>\n<meta property=\"og:site_name\" content=\"Center for Public Policy Studies\" \/>\n<meta property=\"og:image\" content=\"https:\/\/cpp.amu.edu.pl\/wp-content\/uploads\/2023\/11\/Bez-nazwy.png\" \/>\n\t<meta property=\"og:image:width\" content=\"225\" \/>\n\t<meta property=\"og:image:height\" content=\"225\" \/>\n\t<meta property=\"og:image:type\" content=\"image\/png\" \/>\n<meta name=\"twitter:card\" content=\"summary_large_image\" \/>\n<script type=\"application\/ld+json\" class=\"yoast-schema-graph\">{\"@context\":\"https:\/\/schema.org\",\"@graph\":[{\"@type\":\"WebPage\",\"@id\":\"https:\/\/cpp.amu.edu.pl\/wp-content\/uploads\/2023\/11\/Bez-nazwy.png\",\"url\":\"https:\/\/cpp.amu.edu.pl\/wp-content\/uploads\/2023\/11\/Bez-nazwy.png\",\"name\":\"Bez nazwy\",\"isPartOf\":{\"@id\":\"https:\/\/cpp.amu.edu.pl\/#website\"},\"datePublished\":\"2023-11-18T10:25:27+00:00\",\"dateModified\":\"2023-11-18T10:25:27+00:00\",\"description\":\"Marek Kwiek, Centrum Studi\u00f3w nad Polityk\u0105 Publiczn\u0105 oraz Katedra UNESCO Bada\u0144 Instytucjonalnych i Polityki Szkolnictwa Wy\u017cszego\",\"breadcrumb\":{\"@id\":\"https:\/\/cpp.amu.edu.pl\/wp-content\/uploads\/2023\/11\/Bez-nazwy.png#breadcrumb\"},\"inLanguage\":\"pl-PL\",\"potentialAction\":[{\"@type\":\"ReadAction\",\"target\":[\"https:\/\/cpp.amu.edu.pl\/wp-content\/uploads\/2023\/11\/Bez-nazwy.png\"]}]},{\"@type\":\"BreadcrumbList\",\"@id\":\"https:\/\/cpp.amu.edu.pl\/wp-content\/uploads\/2023\/11\/Bez-nazwy.png#breadcrumb\",\"itemListElement\":[{\"@type\":\"ListItem\",\"position\":1,\"name\":\"Strona g\u0142\u00f3wna\",\"item\":\"https:\/\/cpp.amu.edu.pl\/\"},{\"@type\":\"ListItem\",\"position\":2,\"name\":\"Marek Kwiek had an invited seminar in SciencePo (Paris): \u201cGlobal Academic Profession Studies: New Data Sources, Methodologies, and Approaches\u201d (October 2023)\",\"item\":\"https:\/\/cpp.amu.edu.pl\/marek-kwiek-had-an-invited-seminar-in-sciencepo-paris-global-academic-profession-studies-new-data-sources-methodologies-and-approaches-october-2023\/\"},{\"@type\":\"ListItem\",\"position\":3,\"name\":\"Bez nazwy\"}]},{\"@type\":\"WebSite\",\"@id\":\"https:\/\/cpp.amu.edu.pl\/#website\",\"url\":\"https:\/\/cpp.amu.edu.pl\/\",\"name\":\"Center for Public Policy Studies\",\"description\":\"Adam Mickiewicz University, Pozna\u0144, Poland\",\"publisher\":{\"@id\":\"https:\/\/cpp.amu.edu.pl\/#organization\"},\"potentialAction\":[{\"@type\":\"SearchAction\",\"target\":{\"@type\":\"EntryPoint\",\"urlTemplate\":\"https:\/\/cpp.amu.edu.pl\/?s={search_term_string}\"},\"query-input\":\"required name=search_term_string\"}],\"inLanguage\":\"pl-PL\"},{\"@type\":\"Organization\",\"@id\":\"https:\/\/cpp.amu.edu.pl\/#organization\",\"name\":\"Center for Public Policy Studies\",\"url\":\"https:\/\/cpp.amu.edu.pl\/\",\"logo\":{\"@type\":\"ImageObject\",\"inLanguage\":\"pl-PL\",\"@id\":\"https:\/\/cpp.amu.edu.pl\/#\/schema\/logo\/image\/\",\"url\":\"https:\/\/cpp.web.amu.edu.pl\/wp-content\/uploads\/2016\/10\/CPPS.png\",\"contentUrl\":\"https:\/\/cpp.web.amu.edu.pl\/wp-content\/uploads\/2016\/10\/CPPS.png\",\"width\":362,\"height\":96,\"caption\":\"Center for Public Policy Studies\"},\"image\":{\"@id\":\"https:\/\/cpp.amu.edu.pl\/#\/schema\/logo\/image\/\"}}]}<\/script>\n<!-- \/ Yoast SEO plugin. -->","yoast_head_json":{"title":"Bez nazwy","description":"Marek Kwiek, Centrum Studi\u00f3w nad Polityk\u0105 Publiczn\u0105 oraz Katedra UNESCO Bada\u0144 Instytucjonalnych i Polityki Szkolnictwa Wy\u017cszego","robots":{"index":"index","follow":"follow","max-snippet":"max-snippet:-1","max-image-preview":"max-image-preview:large","max-video-preview":"max-video-preview:-1"},"canonical":"https:\/\/cpp.amu.edu.pl\/wp-content\/uploads\/2023\/11\/Bez-nazwy.png","og_locale":"pl_PL","og_type":"article","og_title":"Bez nazwy","og_description":"Marek Kwiek, Centrum Studi\u00f3w nad Polityk\u0105 Publiczn\u0105 oraz Katedra UNESCO Bada\u0144 Instytucjonalnych i Polityki Szkolnictwa Wy\u017cszego","og_url":"https:\/\/cpp.amu.edu.pl\/wp-content\/uploads\/2023\/11\/Bez-nazwy.png","og_site_name":"Center for Public Policy Studies","og_image":[{"width":225,"height":225,"url":"https:\/\/cpp.amu.edu.pl\/wp-content\/uploads\/2023\/11\/Bez-nazwy.png","type":"image\/png"}],"twitter_card":"summary_large_image","schema":{"@context":"https:\/\/schema.org","@graph":[{"@type":"WebPage","@id":"https:\/\/cpp.amu.edu.pl\/wp-content\/uploads\/2023\/11\/Bez-nazwy.png","url":"https:\/\/cpp.amu.edu.pl\/wp-content\/uploads\/2023\/11\/Bez-nazwy.png","name":"Bez nazwy","isPartOf":{"@id":"https:\/\/cpp.amu.edu.pl\/#website"},"datePublished":"2023-11-18T10:25:27+00:00","dateModified":"2023-11-18T10:25:27+00:00","description":"Marek Kwiek, Centrum Studi\u00f3w nad Polityk\u0105 Publiczn\u0105 oraz Katedra UNESCO Bada\u0144 Instytucjonalnych i Polityki Szkolnictwa Wy\u017cszego","breadcrumb":{"@id":"https:\/\/cpp.amu.edu.pl\/wp-content\/uploads\/2023\/11\/Bez-nazwy.png#breadcrumb"},"inLanguage":"pl-PL","potentialAction":[{"@type":"ReadAction","target":["https:\/\/cpp.amu.edu.pl\/wp-content\/uploads\/2023\/11\/Bez-nazwy.png"]}]},{"@type":"BreadcrumbList","@id":"https:\/\/cpp.amu.edu.pl\/wp-content\/uploads\/2023\/11\/Bez-nazwy.png#breadcrumb","itemListElement":[{"@type":"ListItem","position":1,"name":"Strona g\u0142\u00f3wna","item":"https:\/\/cpp.amu.edu.pl\/"},{"@type":"ListItem","position":2,"name":"Marek Kwiek had an invited seminar in SciencePo (Paris): \u201cGlobal Academic Profession Studies: New Data Sources, Methodologies, and Approaches\u201d (October 2023)","item":"https:\/\/cpp.amu.edu.pl\/marek-kwiek-had-an-invited-seminar-in-sciencepo-paris-global-academic-profession-studies-new-data-sources-methodologies-and-approaches-october-2023\/"},{"@type":"ListItem","position":3,"name":"Bez nazwy"}]},{"@type":"WebSite","@id":"https:\/\/cpp.amu.edu.pl\/#website","url":"https:\/\/cpp.amu.edu.pl\/","name":"Center for Public Policy Studies","description":"Adam Mickiewicz University, Pozna\u0144, Poland","publisher":{"@id":"https:\/\/cpp.amu.edu.pl\/#organization"},"potentialAction":[{"@type":"SearchAction","target":{"@type":"EntryPoint","urlTemplate":"https:\/\/cpp.amu.edu.pl\/?s={search_term_string}"},"query-input":"required name=search_term_string"}],"inLanguage":"pl-PL"},{"@type":"Organization","@id":"https:\/\/cpp.amu.edu.pl\/#organization","name":"Center for Public Policy Studies","url":"https:\/\/cpp.amu.edu.pl\/","logo":{"@type":"ImageObject","inLanguage":"pl-PL","@id":"https:\/\/cpp.amu.edu.pl\/#\/schema\/logo\/image\/","url":"https:\/\/cpp.web.amu.edu.pl\/wp-content\/uploads\/2016\/10\/CPPS.png","contentUrl":"https:\/\/cpp.web.amu.edu.pl\/wp-content\/uploads\/2016\/10\/CPPS.png","width":362,"height":96,"caption":"Center for Public Policy Studies"},"image":{"@id":"https:\/\/cpp.amu.edu.pl\/#\/schema\/logo\/image\/"}}]}},"description":{"rendered":"<p class=\"attachment\"><a href='https:\/\/cpp.amu.edu.pl\/wp-content\/uploads\/2023\/11\/Bez-nazwy.png'><img width=\"225\" height=\"225\" src=\"https:\/\/cpp.amu.edu.pl\/wp-content\/uploads\/2023\/11\/Bez-nazwy.png\" class=\"attachment-medium size-medium\" alt=\"\" decoding=\"async\" loading=\"lazy\" srcset=\"https:\/\/cpp.amu.edu.pl\/wp-content\/uploads\/2023\/11\/Bez-nazwy.png 225w, https:\/\/cpp.amu.edu.pl\/wp-content\/uploads\/2023\/11\/Bez-nazwy-150x150.png 150w, https:\/\/cpp.amu.edu.pl\/wp-content\/uploads\/2023\/11\/Bez-nazwy-48x48.png 48w, https:\/\/cpp.amu.edu.pl\/wp-content\/uploads\/2023\/11\/Bez-nazwy-180x180.png 180w\" sizes=\"(max-width: 225px) 100vw, 225px\" \/><\/a><\/p>\n"},"caption":{"rendered":""},"alt_text":"","media_type":"image","mime_type":"image\/png","media_details":{"width":225,"height":225,"file":"2023\/11\/Bez-nazwy.png","filesize":7541,"sizes":{"thumbnail":{"file":"Bez-nazwy-150x150.png","width":150,"height":150,"filesize":18693,"mime_type":"image\/png","source_url":"https:\/\/cpp.amu.edu.pl\/wp-content\/uploads\/2023\/11\/Bez-nazwy-150x150.png"},"wcicon":{"file":"Bez-nazwy-48x48.png","width":48,"height":48,"filesize":3697,"mime_type":"image\/png","source_url":"https:\/\/cpp.amu.edu.pl\/wp-content\/uploads\/2023\/11\/Bez-nazwy-48x48.png"},"wcfixedheightsmall":{"file":"Bez-nazwy-180x180.png","width":180,"height":180,"filesize":23803,"mime_type":"image\/png","source_url":"https:\/\/cpp.amu.edu.pl\/wp-content\/uploads\/2023\/11\/Bez-nazwy-180x180.png"},"wccarouselsmall":{"file":"Bez-nazwy-210x150.png","width":210,"height":150,"filesize":27054,"mime_type":"image\/png","source_url":"https:\/\/cpp.amu.edu.pl\/wp-content\/uploads\/2023\/11\/Bez-nazwy-210x150.png"},"full":{"file":"Bez-nazwy.png","width":225,"height":225,"mime_type":"image\/png","source_url":"https:\/\/cpp.amu.edu.pl\/wp-content\/uploads\/2023\/11\/Bez-nazwy.png"}},"image_meta":{"aperture":"0","credit":"","camera":"","caption":"","created_timestamp":"0","copyright":"","focal_length":"0","iso":"0","shutter_speed":"0","title":"","orientation":"0","keywords":[]}},"post":3870,"source_url":"https:\/\/cpp.amu.edu.pl\/wp-content\/uploads\/2023\/11\/Bez-nazwy.png","_links":{"self":[{"href":"https:\/\/cpp.amu.edu.pl\/pl\/wp-json\/wp\/v2\/media\/3871"}],"collection":[{"href":"https:\/\/cpp.amu.edu.pl\/pl\/wp-json\/wp\/v2\/media"}],"about":[{"href":"https:\/\/cpp.amu.edu.pl\/pl\/wp-json\/wp\/v2\/types\/attachment"}],"author":[{"embeddable":true,"href":"https:\/\/cpp.amu.edu.pl\/pl\/wp-json\/wp\/v2\/users\/2"}],"replies":[{"embeddable":true,"href":"https:\/\/cpp.amu.edu.pl\/pl\/wp-json\/wp\/v2\/comments?post=3871"}]}}

<!-- This site is optimized with the Yoast SEO plugin v20.6 - https://yoast.com/wordpress/plugins/seo/ -->
<title>Bez nazwy</title>
<meta name="description" content="Marek Kwiek, Centrum Studiów nad Polityką Publiczną oraz Katedra UNESCO Badań Instytucjonalnych i Polityki Szkolnictwa Wyższego" />
<meta name="robots" content="index, follow, max-snippet:-1, max-image-preview:large, max-video-preview:-1" />
<link rel="canonical" href="https://cpp.amu.edu.pl/wp-content/uploads/2023/11/Bez-nazwy.png" />
<meta property="og:locale" content="pl_PL" />
<meta property="og:type" content="article" />
<meta property="og:title" content="Bez nazwy" />
<meta property="og:description" content="Marek Kwiek, Centrum Studiów nad Polityką Publiczną oraz Katedra UNESCO Badań Instytucjonalnych i Polityki Szkolnictwa Wyższego" />
<meta property="og:url" content="https://cpp.amu.edu.pl/wp-content/uploads/2023/11/Bez-nazwy.png" />
<meta property="og:site_name" content="Center for Public Policy Studies" />
<meta property="og:image" content="https://cpp.amu.edu.pl/wp-content/uploads/2023/11/Bez-nazwy.png" />
	<meta property="og:image:width" content="225" />
	<meta property="og:image:height" content="225" />
	<meta property="og:image:type" content="image/png" />
<meta name="twitter:card" content="summary_large_image" />
<script type="application/ld+json" class="yoast-schema-graph">{"@context":"https://schema.org","@graph":[{"@type":"WebPage","@id":"https://cpp.amu.edu.pl/wp-content/uploads/2023/11/Bez-nazwy.png","url":"https://cpp.amu.edu.pl/wp-content/uploads/2023/11/Bez-nazwy.png","name":"Bez nazwy","isPartOf":{"@id":"https://cpp.amu.edu.pl/#website"},"datePublished":"2023-11-18T10:25:27+00:00","dateModified":"2023-11-18T10:25:27+00:00","description":"Marek Kwiek, Centrum Studiów nad Polityką Publiczną oraz Katedra UNESCO Badań Instytucjonalnych i Polityki Szkolnictwa Wyższego","breadcrumb":{"@id":"https://cpp.amu.edu.pl/wp-content/uploads/2023/11/Bez-nazwy.png#breadcrumb"},"inLanguage":"pl-PL","potentialAction":[{"@type":"ReadAction","target":["https://cpp.amu.edu.pl/wp-content/uploads/2023/11/Bez-nazwy.png"]}]},{"@type":"BreadcrumbList","@id":"https://cpp.amu.edu.pl/wp-content/uploads/2023/11/Bez-nazwy.png#breadcrumb","itemListElement":[{"@type":"ListItem","position":1,"name":"Strona główna","item":"https://cpp.amu.edu.pl/"},{"@type":"ListItem","position":2,"name":"Marek Kwiek had an invited seminar in SciencePo (Paris): “Global Academic Profession Studies: New Data Sources, Methodologies, and Approaches” (October 2023)","item":"https://cpp.amu.edu.pl/marek-kwiek-had-an-invited-seminar-in-sciencepo-paris-global-academic-profession-studies-new-data-sources-methodologies-and-approaches-october-2023/"},{"@type":"ListItem","position":3,"name":"Bez nazwy"}]},{"@type":"WebSite","@id":"https://cpp.amu.edu.pl/#website","url":"https://cpp.amu.edu.pl/","name":"Center for Public Policy Studies","description":"Adam Mickiewicz University, Poznań, Poland","publisher":{"@id":"https://cpp.amu.edu.pl/#organization"},"potentialAction":[{"@type":"SearchAction","target":{"@type":"EntryPoint","urlTemplate":"https://cpp.amu.edu.pl/?s={search_term_string}"},"query-input":"required name=search_term_string"}],"inLanguage":"pl-PL"},{"@type":"Organization","@id":"https://cpp.amu.edu.pl/#organization","name":"Center for Public Policy Studies","url":"https://cpp.amu.edu.pl/","logo":{"@type":"ImageObject","inLanguage":"pl-PL","@id":"https://cpp.amu.edu.pl/#/schema/logo/image/","url":"https://cpp.web.amu.edu.pl/wp-content/uploads/2016/10/CPPS.png","contentUrl":"https://cpp.web.amu.edu.pl/wp-content/uploads/2016/10/CPPS.png","width":362,"height":96,"caption":"Center for Public Policy Studies"},"image":{"@id":"https://cpp.amu.edu.pl/#/schema/logo/image/"}}]}</script>
<!-- / Yoast SEO plugin. -->

Marek Kwiek, Centrum Studiów nad Polityką Publiczną oraz Katedra UNESCO Badań Instytucjonalnych i Polityki Szkolnictwa Wyższego

Strona główna

Adam Mickiewicz University, Poznań, Poland
